 of t and q.
20
Let w be (-6)/(-3 + 5 + -3). Let i be 21 + w + (-1)/(-1). What is the highest common divisor of i and 308?
28
Let y be ((-728)/(-42))/((-1)/(-6)). What is the highest common factor of 8 and y?
8
Suppose 4*y + 6 = -54. Let p = 144 + -215. Let x = y - p. What is the highest common divisor of x and 14?
14
Let b be (-5)/(-2) + (-9)/(-6). Suppose 3*l = -4*i + 28, 2*l + 3*l - 20 = 0. What is the highest common divisor of i and b?
4
Suppose -j + 0*j + 28 = 0. Suppose 4*p = -3*f + j, 4*f - 8 = 2*f. What is the greatest common factor of p and 4?
4
Let k be (12/(-8))/((-1)/(-6)). Let u = k + 12. Suppose -f - 154 = -u*f. Calculate the highest common factor of f and 11.
11
Let m = -121 - -134. Let p = -58 + 84. What is the highest common divisor of m and p?
13
Let v = 17 - 2. Let o be (8/(-4) + -7)*-5. Calculate the highest common divisor of v and o.
15
Let h(i) = i**3 - i**2 + i + 3. Suppose u = -0*u + b - 5, b = -u + 5. Let v be h(u). Calculate the greatest common divisor of v and 24.
3
Suppose -3*m = 4*w - 17, 5*m - 10 + 3 = -4*w. Calculate the highest common factor of w and 56.
8
Let a(f) = -2*f**2 + 22*f + 24. Let k be a(11). What is the greatest common factor of k and 216?
24
Suppose 3*l - 118 = 3*y + 179, l - 79 = 5*y. What is the highest common factor of 13 and l?
13
Let c(u) = 4*u - 9. Let w be c(6). What is the greatest common factor of 120 and w?
15
Suppose -7*h + 1412 + 352 = 0. Calculate the greatest common factor of 36 and h.
36
Let b(d) = 2*d**2 - 2*d + 1. Let q be b(2). Let r = 10 - q. Let v = r + -1. What is the greatest common divisor of 4 and v?
4
Let d(c) = 63*c**2 + 1. Let s be d(-1). Suppose -4*i = -8*i + s. Calculate the greatest common factor of i and 64.
16
Suppose 2*m = 4*m - 30. Let g = -1 - -7. What is the highest common divisor of m and g?
3
Suppose -4*n - 108 = -5*x, -2 - 2 = 2*n. Let i be 156/(-39)*(-1*7 - -2). Calculate the highest common factor of i and x.
20
Suppose 4*b = -2*u - 4, 3*b + 5*u - 6 = b. Let k = 9 + b. What is the highest common factor of k and 49?
7
Let q(s) = 7*s**2 - s. Let f be q(-1). Calculate the highest common factor of f and 72.
8
Let n(t) = -t**2 + 13*t + 20. Let k be n(10). Calculate the greatest common factor of 450 and k.
50
Let d be (-4594)/(-34) - 30/255. Calculate the highest common factor of 15 and d.
15
Suppose -8*b + 2*b + 30 = 0. Suppose 4*j - 2*j + 104 = 4*l, b*l - 130 = -2*j. Calculate the highest common divisor of l and 13.
13
Suppose -16 - 2 = -3*a. What is the highest common factor of a and 9?
3
Suppose 14 + 6 = 5*y. Suppose y*m + 2*x = 288, 2*x + 0*x + 272 = 4*m. Calculate the highest common divisor of m and 14.
14
Suppose 5*p - 684 = -284. Let o be (20/(-6))/((-2)/6). What is the highest common factor of p and o?
10
Let z = -523 - -779. What is the greatest common factor of z and 32?
32
Suppose -3*n + n - 5*h + 176 = 0, -3*h - 12 = 0. Calculate the greatest common divisor of n and 14.
14
Suppose z + h + 139 = 5*z, 5*z + h = 176. Suppose -s + z = 3*l, 3*l = -5*s + 4*l + 127. Let c = -85 - -150. Calculate the greatest common divisor of c and s.
13
Let q(s) = 5*s**3 + 2. Let u(y) = y - 1. Let o be u(3). Let h be q(o). Calculate the highest common divisor of h and 14.
14
Let z = -79 + 219. Suppose -2*x = -3*g - 46, 0 = 3*x + 2*g + 2*g - 52. What is the highest common factor of z and x?
20
Suppose c = 2*v - 29, -17 - 9 = -2*v + 2*c. What is the greatest common factor of 8 and v?
8
Let m be -43 + (-1)/(-1 - 0). Let p = -25 - m. Suppose -3*y = -6*r + 3*r + 63, r - p = -y. Calculate the highest common divisor of r and 95.
19
Let b be 3 + (-100)/(-8)*2. Calculate the highest common factor of b and 14.
14
Let j(a) = 14*a + 6. Suppose -16 = 4*l, 6 = -3*c + l + 31. Let m be j(c). Let z = 17 + -4. What is the highest common divisor of m and z?
13
Suppose -p - 6 = 2*p. Let m = 1 - p. Calculate the highest common divisor of m and 3.
3
Let f = 35 + -21. Suppose -2*k + 9 = r, k + k - r = 19. Calculate the greatest common divisor of k and f.
7
Let c be 4/14 + (-668)/(-14). Let x = -284 - -290. What is the highest common factor of c and x?
6
Let h(o) = -o + 2. Let g be h(-7). Let v = -6 + g. Suppose 0*d + v*d - 39 = 0. What is the greatest common factor of d and 26?
13
Let i(j) = 6*j - 52. Let w be i(10). Calculate the greatest common factor of 48 and w.
8
Suppose 2*u + 3*r - 12 = 0, -5*r = -4*u - u + 80. What is the highest common factor of u and 132?
12
Let n(a) = a**3 + 9*a**2 + 8*a + 3. Let b be n(-8). What is the greatest common factor of 3 and b?
3
Suppose 0*c - 5*i - 15 = -5*c, -i = -3*c + 15. Let y(u) = -u - 7*u - 10 + c*u. Let l be y(-11). Calculate the highest common factor of 8 and l.
4
Let k = 202 - 338. Let t = 190 + k. What is the greatest common divisor of t and 36?
18
Let l = 195 + -126. Let s = -71 + 117. Calculate the highest common divisor of s and l.
23
Let x = 236 - 206. Suppose -16 = -5*z + 84. Calculate the greatest common factor of x and z.
10
Suppose 0 = -3*y + 3 + 12. Suppose 0*f + 2*f - 168 = -4*x, 0 = y*x + f - 204. Let c = 10 - 2. Calculate the highest common divisor of x and c.
8
Suppose -3*y - 2*y = -130. Let z be 0/(-2) - (-64 + -1). Calculate the highest common factor of y and z.
13
Let m be 560/24 - 2/(-3). Calculate the highest common factor of 8 and m.
8
Let j be (344/6)/((-7)/(-21)). Let u be (-2)/3 - j/(-6). What is the greatest common divisor of u and 70?
14
Let n(u) = -12*u**3 + 2*u**2 - 2. Let z be n(-2). Calculate the greatest common factor of z and 68.
34
Suppose 742 = 2*n - 4*m, -2*n - 2*m = -5*m - 738. Suppose -2*h - h = -n. Calculate the greatest common divisor of 11 and h.
11
Let h be ((-45)/(-30))/((6/352)/1). Calculate the greatest common factor of 8 and h.
8
Let p = 57 - 1. Suppose 4*h - 2 = 14. Suppose h*c - 7*c = -24. What is the greatest common factor of p and c?
8
Let b be 4*-1*(-45)/12. Let d be (16/(-10))/(14/(-35)). Suppose d*p - p - 9 = 0. Calculate the greatest common divisor of p and b.
3
Let r(n) = n**2 + 1. Let f be r(4). Suppose 0*m - 34 = -2*m. What is the highest common divisor of f and m?
17
Let c(a) = -5*a + 1. Let q be c(-2). Let p be 52/8 + (-1)/2. Let b be 9/(-6)*(-88)/p. What is the highest common factor of b and q?
11
Let w(s) = 4*s - 12. Let h be w(13). What is the greatest common divisor of h and 16?
8
Suppose 4*z - 3*q + 91 = 0, -2*z - 49 = -q - 4*q. Let i be (z/(-7))/(6/42). What is the highest common divisor of i and 55?
11
Suppose o = z - 13, -2*o = -4*o - 3*z - 11. Let a be 5/25 + (-1428)/o. Calculate the greatest common divisor of a and 13.
13
Suppose -65*v + 126 = -63*v. What is the greatest common factor of 21 and v?
21
Suppose o - 5*o + 108 = 0. Let c = -3 - -6. Suppose 0 = c*s + 6, -x + 4 + 6 = 4*s. What is the highest common factor of o and x?
9
Suppose 5*f = -0*f + 30. Let b be (4/(-10))/(f/(-1320)). Suppose t + 26 = 2*t - 3*u, t + 4 = -3*u. What is the greatest common divisor of t and b?
11
Suppose -5*r + 3*a - 55 = -2*a, 44 = -4*r - 4*a. Let t be 4/12 - r/3. Suppose 9 = -t*h + 29. What is the greatest common divisor of 50 and h?
5
Let r(u) = 5*u - 3. Let d be 4/1*2/4. Let h be r(d). Suppose w = -4 + h, 0 = -b - 5*w + 32. What is the greatest common factor of b and 187?
17
Suppose -2*t = -4*t - 142. Let g = 46 + t. Let m be (g/(-4))/(4/16). What is the greatest common divisor of 10 and m?
5
Let h(j) = j - 2. Suppose 0*s - 3*s + 6 = 0. Let u be h(s). Let y(r) = -r + 22. Let q be y(u). What is the highest common divisor of 2 and q?
2
Suppose -10 - 32 = -3*i. Calculate the highest common factor of 14 and i.
14
Let a = -11 - -44. Suppose -2*v + 3*x + 36 = 0, 2*v - x = 7 + a. What is the greatest common divisor of 21 and v?
21
Suppose -4*f + 4 = -28. Let b(d) be the third derivative of 23*d**4/24 + d**3/6 + 2*d**2. Let o be b(1). What is the highest common divisor of f and o?
8
Let x be 12/(-2)*6/(-9). Suppose x*o - 30 = 2*o. Suppose 0 = -39*f + 38*f + 30. Calculate the greatest common factor of f and o.
15
Suppose b + 0*b + 7 = 0. Let n(u) = 2*u**2 + 7*u - 9. Let w be n(b). Suppose -2*d - 5*j + 155 = d, d - w = -4*j. What is the highest common divisor of 24 and d?
12
Let l = 30 - 6. Calculate the highest common factor of 60 and l.
12
Let s(w) = w**2 + 24*w + 140. Let r be s(-8). Let d(n) = 9*n - 6. L